{"id":7,"date":"2023-07-17T10:23:10","date_gmt":"2023-07-17T10:23:10","guid":{"rendered":"https:\/\/www.meine-kartenmanufaktur.de\/magazin\/?page_id=7"},"modified":"2025-12-11T14:19:48","modified_gmt":"2025-12-11T14:19:48","slug":"startseite","status":"publish","type":"page","link":"https:\/\/www.meine-kartenmanufaktur.de\/magazin\/","title":{"rendered":"Unser MKM Magazin: Familie, Hochzeit, Tipps &amp; mehr"},"content":{"rendered":"<p>Willkommen im MKM Magazin. Hier finden Sie praktische Tipps, inspirierende Ideen und hilfreiche Inhalte f\u00fcr die gro\u00dfen und kleinen Momente des Familienlebens. Wir begleiten Sie mit gut recherchierten Beitr\u00e4gen und praxisnahen Empfehlungen rund um Hochzeit, Alltag, DIY und Zeiten des Abschieds. Entdecken Sie Themen, die Sie im Familienalltag wirklich weiterbringen.<\/p>\n","protected":false},"excerpt":{"rendered":"<p>Willkommen im MKM Magazin. Hier finden Sie praktische Tipps, inspirierende Ideen und hilfreiche Inhalte f\u00fcr die gro\u00dfen und kleinen Momente&#8230;<\/p>\n","protected":false},"author":1,"featured_media":0,"parent":0,"menu_order":0,"comment_status":"closed","ping_status":"closed","template":"","meta":{"_acf_changed":false,"inline_featured_image":false,"footnotes":""},"class_list":["post-7","page","type-page","status-publish","hentry"],"acf":[],"yoast_head":"<!-- This site is optimized with the Yoast SEO plugin v27.4 - https:\/\/yoast.com\/product\/yoast-seo-wordpress\/ -->\n<title>Meine-Kartenmanufaktur | Unser Magazin<\/title>\n<meta name=\"description\" content=\"Unser Magazin: Tipps &amp; Storys rund um die Themen \u2764\ufe0f Hochzeit &amp; Liebe \ud83d\udc9a Familie &amp; Kinder \ud83d\udda4 Tod &amp; Trauer etc. in unserem MKM-Magazin\" \/>\n<link rel=\"canonical\" href=\"https:\/\/www.meine-kartenmanufaktur.de\/magazin\/\" \/>\n<meta property=\"og:locale\" content=\"de_DE\" \/>\n<meta property=\"og:type\" content=\"article\" \/>\n<meta property=\"og:title\" content=\"Meine-Kartenmanufaktur | Unser Magazin\" \/>\n<meta property=\"og:description\" content=\"Unser Magazin: Tipps &amp; Storys rund um die Themen \u2764\ufe0f Hochzeit &amp; Liebe \ud83d\udc9a Familie &amp; Kinder \ud83d\udda4 Tod &amp; Trauer etc. in unserem MKM-Magazin\" \/>\n<meta property=\"og:url\" content=\"https:\/\/www.meine-kartenmanufaktur.de\/magazin\/\" \/>\n<meta property=\"og:site_name\" content=\"Meine Kartenmanufaktur Magazin\" \/>\n<meta property=\"article:modified_time\" content=\"2025-12-11T14:19:48+00:00\" \/>\n<meta name=\"twitter:card\" content=\"summary_large_image\" \/>\n<meta name=\"twitter:label1\" content=\"Gesch\u00e4tzte Lesezeit\" \/>\n\t<meta name=\"twitter:data1\" content=\"1\u00a0Minute\" \/>\n<script type=\"application\/ld+json\" class=\"yoast-schema-graph\">{\"@context\":\"https:\\\/\\\/schema.org\",\"@graph\":[{\"@type\":\"WebPage\",\"@id\":\"https:\\\/\\\/www.meine-kartenmanufaktur.de\\\/magazin\\\/\",\"url\":\"https:\\\/\\\/www.meine-kartenmanufaktur.de\\\/magazin\\\/\",\"name\":\"Meine-Kartenmanufaktur | Unser Magazin\",\"isPartOf\":{\"@id\":\"https:\\\/\\\/www.meine-kartenmanufaktur.de\\\/magazin\\\/#website\"},\"datePublished\":\"2023-07-17T10:23:10+00:00\",\"dateModified\":\"2025-12-11T14:19:48+00:00\",\"description\":\"Unser Magazin: Tipps & Storys rund um die Themen \u2764\ufe0f Hochzeit & Liebe \ud83d\udc9a Familie & Kinder \ud83d\udda4 Tod & Trauer etc. in unserem MKM-Magazin\",\"breadcrumb\":{\"@id\":\"https:\\\/\\\/www.meine-kartenmanufaktur.de\\\/magazin\\\/#breadcrumb\"},\"inLanguage\":\"de\",\"potentialAction\":[{\"@type\":\"ReadAction\",\"target\":[\"https:\\\/\\\/www.meine-kartenmanufaktur.de\\\/magazin\\\/\"]}]},{\"@type\":\"BreadcrumbList\",\"@id\":\"https:\\\/\\\/www.meine-kartenmanufaktur.de\\\/magazin\\\/#breadcrumb\",\"itemListElement\":[{\"@type\":\"ListItem\",\"position\":1,\"name\":\"Home\",\"item\":\"https:\\\/\\\/www.meine-kartenmanufaktur.de\\\/magazin\\\/\"},{\"@type\":\"ListItem\",\"position\":2,\"name\":\"Unser MKM Magazin: Familie, Hochzeit, Tipps &amp; mehr\"}]},{\"@type\":\"WebSite\",\"@id\":\"https:\\\/\\\/www.meine-kartenmanufaktur.de\\\/magazin\\\/#website\",\"url\":\"https:\\\/\\\/www.meine-kartenmanufaktur.de\\\/magazin\\\/\",\"name\":\"Meine Kartenmanufaktur Magazin\",\"description\":\"\",\"potentialAction\":[{\"@type\":\"SearchAction\",\"target\":{\"@type\":\"EntryPoint\",\"urlTemplate\":\"https:\\\/\\\/www.meine-kartenmanufaktur.de\\\/magazin\\\/?s={search_term_string}\"},\"query-input\":{\"@type\":\"PropertyValueSpecification\",\"valueRequired\":true,\"valueName\":\"search_term_string\"}}],\"inLanguage\":\"de\"}]}<\/script>\n<!-- \/ Yoast SEO plugin. -->","yoast_head_json":{"title":"Meine-Kartenmanufaktur | Unser Magazin","description":"Unser Magazin: Tipps & Storys rund um die Themen \u2764\ufe0f Hochzeit & Liebe \ud83d\udc9a Familie & Kinder \ud83d\udda4 Tod & Trauer etc. in unserem MKM-Magazin","canonical":"https:\/\/www.meine-kartenmanufaktur.de\/magazin\/","og_locale":"de_DE","og_type":"article","og_title":"Meine-Kartenmanufaktur | Unser Magazin","og_description":"Unser Magazin: Tipps & Storys rund um die Themen \u2764\ufe0f Hochzeit & Liebe \ud83d\udc9a Familie & Kinder \ud83d\udda4 Tod & Trauer etc. in unserem MKM-Magazin","og_url":"https:\/\/www.meine-kartenmanufaktur.de\/magazin\/","og_site_name":"Meine Kartenmanufaktur Magazin","article_modified_time":"2025-12-11T14:19:48+00:00","twitter_card":"summary_large_image","twitter_misc":{"Gesch\u00e4tzte Lesezeit":"1\u00a0Minute"},"schema":{"@context":"https:\/\/schema.org","@graph":[{"@type":"WebPage","@id":"https:\/\/www.meine-kartenmanufaktur.de\/magazin\/","url":"https:\/\/www.meine-kartenmanufaktur.de\/magazin\/","name":"Meine-Kartenmanufaktur | Unser Magazin","isPartOf":{"@id":"https:\/\/www.meine-kartenmanufaktur.de\/magazin\/#website"},"datePublished":"2023-07-17T10:23:10+00:00","dateModified":"2025-12-11T14:19:48+00:00","description":"Unser Magazin: Tipps & Storys rund um die Themen \u2764\ufe0f Hochzeit & Liebe \ud83d\udc9a Familie & Kinder \ud83d\udda4 Tod & Trauer etc. in unserem MKM-Magazin","breadcrumb":{"@id":"https:\/\/www.meine-kartenmanufaktur.de\/magazin\/#breadcrumb"},"inLanguage":"de","potentialAction":[{"@type":"ReadAction","target":["https:\/\/www.meine-kartenmanufaktur.de\/magazin\/"]}]},{"@type":"BreadcrumbList","@id":"https:\/\/www.meine-kartenmanufaktur.de\/magazin\/#breadcrumb","itemListElement":[{"@type":"ListItem","position":1,"name":"Home","item":"https:\/\/www.meine-kartenmanufaktur.de\/magazin\/"},{"@type":"ListItem","position":2,"name":"Unser MKM Magazin: Familie, Hochzeit, Tipps &amp; mehr"}]},{"@type":"WebSite","@id":"https:\/\/www.meine-kartenmanufaktur.de\/magazin\/#website","url":"https:\/\/www.meine-kartenmanufaktur.de\/magazin\/","name":"Meine Kartenmanufaktur Magazin","description":"","potentialAction":[{"@type":"SearchAction","target":{"@type":"EntryPoint","urlTemplate":"https:\/\/www.meine-kartenmanufaktur.de\/magazin\/?s={search_term_string}"},"query-input":{"@type":"PropertyValueSpecification","valueRequired":true,"valueName":"search_term_string"}}],"inLanguage":"de"}]}},"wp-worthy-pixel":{"ignored":false,"public":null,"server":null,"url":null},"wp-worthy-type":"normal","_links":{"self":[{"href":"https:\/\/www.meine-kartenmanufaktur.de\/magazin\/wp-json\/wp\/v2\/pages\/7","targetHints":{"allow":["GET"]}}],"collection":[{"href":"https:\/\/www.meine-kartenmanufaktur.de\/magazin\/wp-json\/wp\/v2\/pages"}],"about":[{"href":"https:\/\/www.meine-kartenmanufaktur.de\/magazin\/wp-json\/wp\/v2\/types\/page"}],"author":[{"embeddable":true,"href":"https:\/\/www.meine-kartenmanufaktur.de\/magazin\/wp-json\/wp\/v2\/users\/1"}],"replies":[{"embeddable":true,"href":"https:\/\/www.meine-kartenmanufaktur.de\/magazin\/wp-json\/wp\/v2\/comments?post=7"}],"version-history":[{"count":25,"href":"https:\/\/www.meine-kartenmanufaktur.de\/magazin\/wp-json\/wp\/v2\/pages\/7\/revisions"}],"predecessor-version":[{"id":25187,"href":"https:\/\/www.meine-kartenmanufaktur.de\/magazin\/wp-json\/wp\/v2\/pages\/7\/revisions\/25187"}],"wp:attachment":[{"href":"https:\/\/www.meine-kartenmanufaktur.de\/magazin\/wp-json\/wp\/v2\/media?parent=7"}],"curies":[{"name":"wp","href":"https:\/\/api.w.org\/{rel}","templated":true}]}}